{"id":1085,"date":"2025-01-22T16:31:56","date_gmt":"2025-01-22T16:31:56","guid":{"rendered":"https:\/\/urologenteam.de\/start\/datenschutzerklaerung"},"modified":"2025-07-31T08:40:08","modified_gmt":"2025-07-31T08:40:08","slug":"datenschutzerklaerung","status":"publish","type":"page","link":"https:\/\/urologenteam.de\/start\/datenschutzerklaerung","title":{"rendered":"Datenschutzerkl\u00e4rung"},"content":{"rendered":"\n  \n    \n    <section class=\"u-clearfix u-grey-5 u-section-2\" id=\"sec-a530\">\n      <div class=\"u-clearfix u-sheet u-sheet-1\">\n        <p class=\"u-text u-text-default u-text-1\"><span style=\"font-weight: 700;\">Datenschutzerkl\u00e4rung<\/span>\n          <br>\n          <br>Geltungsbereich<br>Diese Datenschutzerkl\u00e4rung soll die Nutzer dieser Website gem\u00e4\u00df Bundesdatenschutzgesetz und Telemediengesetz \u00fcber die Art, den Umfang und den Zweck der Erhebung und Verwendung personenbezogener Daten durch den Websitebetreiber informieren.<br>\n          <br>Urologische Praxis Dr. Ulrike Winkler \/ Malte Pelz<br>Kaiserstra\u00dfe 2 \u2013 6;<br>24534 Neum\u00fcnster<br>Telefon: 04321 \u2013 851 333<br>E-Mail (f\u00fcr Fragen zum Datenschutz): datenschutz@urologenteam.de<br>\n          <br>Der Websitebetreiber nimmt Ihren Datenschutz sehr ernst und behandelt Ihre personenbezogenen Daten vertraulich und entsprechend der gesetzlichen Vorschriften. Bedenken Sie, dass die Daten\u00fcbertragung im Internet grunds\u00e4tzlich mit Sicherheitsl\u00fccken bedacht sein kann. Ein vollumf\u00e4nglicher Schutz vor dem Zugriff durch Fremde ist nicht realisierbar. Zugriffsdaten: Der Websitebetreiber bzw. Seitenprovider erhebt Daten \u00fcber Zugriffe auf die Seite und speichert diese als \u201eServer-Logfiles\u201c ab. Die Daten der Besucher sind jedoch vollst\u00e4ndig anonymisiert.&nbsp;<br>Folgende Daten werden so protokolliert:<br>\n          <br>&nbsp; &nbsp; &nbsp; &nbsp; &nbsp;Besuchte Website<br>&nbsp; &nbsp; &nbsp; &nbsp; &nbsp;Uhrzeit zum Zeitpunkt des Zugriffes<br>&nbsp; &nbsp; &nbsp; &nbsp; &nbsp;Verwendeter Browser<br>&nbsp; &nbsp; &nbsp; &nbsp; &nbsp;Verwendetes Betriebssystem<br>&nbsp; &nbsp; &nbsp; &nbsp; &nbsp;IP-Adresse (nicht darstellbar)<br>&nbsp; &nbsp; &nbsp; &nbsp; &nbsp;Dauer des Besuches<br>&nbsp; &nbsp; &nbsp; &nbsp; &nbsp;Besuchte Seiten<br>\n          <br>Auf dieser Website greift die IP-Anonymisierung. Die IP-Adresse der Nutzer wird gek\u00fcrzt. Durch diese K\u00fcrzung entf\u00e4llt der Personenbezug Ihrer IP-Adresse. Die erhobenen Daten dienen lediglich statistischen Auswertungen und zur Verbesserung der Website. Der Websitebetreiber beh\u00e4lt sich allerdings vor, die Server-Logfiles nachtr\u00e4glich an die Strafverfolgungsbeh\u00f6rden weiterzuleiten, sollten konkrete Anhaltspunkte auf eine rechtswidrige Nutzung hinweisen.<br>\n          <br>Cookies<br> Unser Provider (IONOS) setzt&nbsp;<b>standardm\u00e4\u00dfig ausschlie\u00dflich technisch erforderliche Cookies ein - jedoch keine Tracking-Cookies<\/b>. Die technisch erforderlichen Cookies werden nach jeder Browsersession gel\u00f6scht. Es ist au\u00dferdem m\u00f6glich, die Cookies im Browser manuell zu l\u00f6schen.<br>\n          <br>Zur Verwaltung der eingesetzten Cookies und \u00e4hnlichen Technologien (Tracking-Pixel, Web-Beacons etc.) und diesbez\u00fcglicher Einwilligungen setzen wir das Consent Tool \"Real Cookie Banner\" ein. Details zur Funktionsweise von \"Real Cookie Banner\" findest du unter https:\/\/devowl.io\/de\/rcb\/datenverarbeitung. <br>\n          <br>Rechtsgrundlagen f\u00fcr die Verarbeitung von personenbezogenen Daten in diesem Zusammenhang sind Art. 6 Abs. 1 lit. c DS-GVO und Art. 6 Abs. 1 lit. f DS-GVO. Unser berechtigtes Interesse ist die Verwaltung der eingesetzten Cookies und \u00e4hnlichen Technologien und der diesbez\u00fcglichen Einwilligungen. <br>\n          <br>Die Bereitstellung der personenbezogenen Daten ist weder vertraglich vorgeschrieben noch f\u00fcr den Abschluss eines Vertrages notwendig. Du bist nicht verpflichtet die personenbezogenen Daten bereitzustellen. Wenn du die personenbezogenen Daten nicht bereitstellst, k\u00f6nnen wir deine Einwilligungen nicht verwalten.<br>\n          <br>Umgang mit personenbezogenen Daten<br>Der Websitebetreiber erhebt keine personenbezogenen Daten und kann diese somit auch nicht an Dritte weiterleiten.<br>\n          <br>Umgang mit Kontaktdaten<br>Nehmen Sie mit dem Websitebetreiber Kontakt per E-Mail auf, so werden die Daten nur so lange gespeichert wie diese zur Erledigung Ihres Anliegens notwendig sind. Eine dauerhafte Speicherung der E-Mail-Adresse erfolgt nicht. Ohne Ihre Einwilligung werden diese Daten nicht an Dritte weitergegeben.<br>\n          <br>Google Analytics<br>Diese Website nutzt den Dienst \u201eGoogle Analytics\u201c nicht.<br>\n          <br>Rechte des Nutzers:&nbsp;<br>Auskunft, Berichtigung und L\u00f6schungSie als Nutzer erhalten auf Antrag Ihrerseits kostenlose Auskunft dar\u00fcber, welche personenbezogenen Daten \u00fcber Sie gespeichert wurden. Sofern Ihr Wunsch nicht mit einer gesetzlichen Pflicht zur Aufbewahrung von Daten (z. B. Vorratsdatenspeicherung) kollidiert, haben Sie ein Anrecht auf Berichtigung falscher Daten und auf die Sperrung oder L\u00f6schung Ihrer personenbezogenen Daten. \n        <\/p>\n      <\/div>\n    <\/section>\n    <section class=\"u-align-center u-clearfix u-container-align-center u-grey-5 u-section-3\" id=\"sec-573c\">\n      <div class=\"u-clearfix u-sheet u-sheet-1\">\n        <p class=\"u-align-left u-text u-text-1\">\n          <a class=\"u-active-none u-border-none u-btn u-button-link u-button-style u-file-link u-hover-none u-none u-text-palette-1-base u-btn-1\" href=\"https:\/\/urologenteam.de\/wp-content\/uploads\/2025\/02\/Datenschutzerklrungneu2025.pdf\"><span style=\"font-weight: 700;\">Informationen zum Datenschutz <\/span>\n            <br>\n            <br>Sehr geehrte Patientin, sehr geehrter Patient,&nbsp;<br>\n            <br>der Schutz Ihrer personenbezogenen Daten ist uns wichtig.&nbsp;          Nach der EU Datschutz-Grundverordnung (DS-GVO) sind wir verpflichtet, Sie dar\u00fcber zu informieren, zu welchem Zweck unsere Praxis Daten erhebt, speichert oder weiterleitet.&nbsp;<br>\n            <br>1. Verantwortlichkeit f\u00fcr die Datenverarbeitung:<br>Verantwortlich f\u00fcr die Datenverarbeitung sind:<br>Dr. med Ulrike Winkler und Malte Pelz<br>Urologische Gemeinschaftspraxis&nbsp;<br>Kaiserstra\u00dfe 2-6&nbsp;<br>24534 Neum\u00fcnster<br>Telefon: 04321 851 333&nbsp;<br>Mail: kontakt@urologenteam.de<br>\n            <br>Sie erreichen die zust\u00e4ndige Datenschutzbeauftragte:&nbsp;<br>Nadine Pelz<br>Kaiserstra\u00dfe 2-6<br>24534 Neum\u00fcnster<br>Mail: datenschutz@urologenteam.de&nbsp;&nbsp; <br>\n            <br> 2. Zweck der Datenverarbeitung<br>Die Datenverarbeitung erfolgt aufgrund gesetzlicher Vorgaben, um den Behandlungsvertrag zwischen Ihnen und Ihrer \u00c4rztin \/ Arzt und die damit verbundenen Pflichten zu erf\u00fcllen.&nbsp;Hierzu verarbeiten wir Ihre personenbezogenen Daten, insbesondere Ihre Gesundheitsdaten.&nbsp;Dazu z\u00e4hlen Anamnesen, Diagnosen, Therapievorschl\u00e4ge und Befunde, die wir oder andere \u00c4rzte erheben. Zu diesen Zwecken k\u00f6nnen uns auch andere \u00c4rzte oder Psychotherapeuten, bei denen Sie in Behandlung sind, Daten zur Verf\u00fcgung stellen (zum Beispiel in Arztbriefen).          Die Erhebung von Gesundheitsdaten ist Voraussetzung f\u00fcr Ihre Behandlung. Wenn die notwendigen Informationen nicht bereitgestellt, kann eine sorgf\u00e4ltige Behandlung nicht erfolgen.&nbsp; &nbsp; <br>\n            <br>3. Empf\u00e4nger Ihrer Daten<br>Wir \u00fcbermitteln Ihre personenbezogenen Daten nur dann an Dritte, wenn dies gesetzlich erlaubt ist oder Sie eingewilligt haben.&nbsp;Empf\u00e4nger Ihrer personenbezogenen Daten k\u00f6nnen vor allem andere \u00c4rzte, Kassen\u00e4rztliche Vereinigungen, Krankenkassen, der Medizinische Dienst der Krankenversicherung und \u00c4rztekammern.&nbsp;Die \u00dcbermittlung erfolgt \u00fcberwiegend zum Zwecke der Abrechnung der bei Ihnen erbrachten Leistungen, zur Kl\u00e4rung von medizinischen und sich aus Ihren Versicherungsverh\u00e4ltnis ergebenden Fragen. Im Einzelfall erfolgt die \u00dcbermittlung an weitere berechtigte Empf\u00e4nger. Zum Beispiel externe Dienstleister, welche von uns sorgf\u00e4ltig ausgew\u00e4hlt und beauftragt worden sind.&nbsp;&nbsp; <br>\n            <br>4. Speicherung Ihrer Daten&nbsp;<br>Wir bewahren Ihre personenbezogenen Daten nur solange auf, wie dies f\u00fcr die Durchf\u00fchrung der Behandlung erforderlich ist.&nbsp;Aufgrund rechtlicher Vorgaben sind wir dazu verpflichtet, diese Daten mindestens zehn Jahre nach Abschluss der Behandlung aufzubewahren. Nach anderen Vorschriften k\u00f6nnen sich l\u00e4ngere Aufbewahrungsfristen ergeben, zum Beispiel 30 Jahre bei R\u00f6ntgenaufzeichnungen laut \u00a728 Abs.3 der R\u00f6ntgenverordnung.&nbsp; <br>\n            <br> 5. Ihre Rechte&nbsp;<br>Sie haben das Recht, \u00fcber die Sie betreffenden personenbezogenen Daten Auskunft zu erhalten. Auch k\u00f6nnen Sie die Berichtigung unrichtiger Daten verlangen.&nbsp;Dar\u00fcber hinaus steht Ihnen unter bestimmten Voraussetzungen das Recht auf L\u00f6schung von Daten, das Recht auf Einschr\u00e4nkung der Datenverarbeitung sowie das Recht auf Daten\u00fcbertragbarkeit zu.&nbsp;Die Verarbeitung Ihrer Daten erfolgt auf Basis gesetzlichen Regelungen. Nur in Ausnahmef\u00e4llen ben\u00f6tigen wir Ihr Einverst\u00e4ndnis. In diesen F\u00e4llen haben Sie das Recht, die Einwilligung f\u00fcr die zuk\u00fcnftige Verarbeitung zu widerrufen.&nbsp;Sie haben ferner das Recht, sich bei der zust\u00e4ndigen Aufsichtsbeh\u00f6rde f\u00fcr den Datenschutz zu beschweren, wenn Sie der Ansicht sind, dass die Verarbeitung Ihrer personenbezogenen Daten nicht rechtm\u00e4\u00dfig erfolgt.&nbsp;          Die Anschrift der f\u00fcr uns zust\u00e4ndigen Aufsichtsbeh\u00f6rde lautet:&nbsp;Unabh\u00e4ngiges Landeszentrum f\u00fcr Datenschutz Schleswig-Holstein (ULD)Holstenstra\u00dfe 98, 24103 Kiel&nbsp;&nbsp;6. Rechtliche GrundlagenRechtsgrundlage f\u00fcr die Verarbeitung Ihrer Daten ist Artikel 9 Absatz 2 lit.h) DS-GVO in Verbindung mit&nbsp;\u00a722 Abs.1 Nr. 1 lit.b) Bundesdatenschutzgesetz.&nbsp;Sollten Sie Fragen haben k\u00f6nnen Sie sich an uns wenden.&nbsp;&nbsp; <br>\n            <br>Ihr Praxisteam\n          <\/a>\n        <\/p>\n      <\/div>\n    <\/section>\n    \n    \n    \n  \n","protected":false},"excerpt":{"rendered":"<p>Datenschutzerkl\u00e4rung GeltungsbereichDiese Datenschutzerkl\u00e4rung soll die Nutzer dieser Website gem\u00e4\u00df Bundesdatenschutzgesetz und Telemediengesetz \u00fcber die Art, den Umfang und den Zweck der Erhebung und Verwendung personenbezogener Daten durch den Websitebetreiber informieren. Urologische Praxis Dr. Ulrike Winkler \/ Malte PelzKaiserstra\u00dfe 2 \u2013 6;24534 Neum\u00fcnsterTelefon: 04321 \u2013 851 333E-Mail (f\u00fcr Fragen zum Datenschutz): datenschutz@urologenteam.de Der Websitebetreiber nimmt Ihren &hellip; <a href=\"https:\/\/urologenteam.de\/start\/datenschutzerklaerung\" class=\"more-link\">Continue reading<span class=\"screen-reader-text\"> &#8222;Datenschutzerkl\u00e4rung&#8220;<\/span><\/a><\/p>\n","protected":false},"author":1,"featured_media":0,"parent":0,"menu_order":10,"comment_status":"closed","ping_status":"closed","template":"","meta":{"footnotes":""},"class_list":["post-1085","page","type-page","status-publish","hentry"],"_links":{"self":[{"href":"https:\/\/urologenteam.de\/start\/wp-json\/wp\/v2\/pages\/1085","targetHints":{"allow":["GET"]}}],"collection":[{"href":"https:\/\/urologenteam.de\/start\/wp-json\/wp\/v2\/pages"}],"about":[{"href":"https:\/\/urologenteam.de\/start\/wp-json\/wp\/v2\/types\/page"}],"author":[{"embeddable":true,"href":"https:\/\/urologenteam.de\/start\/wp-json\/wp\/v2\/users\/1"}],"replies":[{"embeddable":true,"href":"https:\/\/urologenteam.de\/start\/wp-json\/wp\/v2\/comments?post=1085"}],"version-history":[{"count":3,"href":"https:\/\/urologenteam.de\/start\/wp-json\/wp\/v2\/pages\/1085\/revisions"}],"predecessor-version":[{"id":1145,"href":"https:\/\/urologenteam.de\/start\/wp-json\/wp\/v2\/pages\/1085\/revisions\/1145"}],"wp:attachment":[{"href":"https:\/\/urologenteam.de\/start\/wp-json\/wp\/v2\/media?parent=1085"}],"curies":[{"name":"wp","href":"https:\/\/api.w.org\/{rel}","templated":true}]}}