{"id":1082,"date":"2025-01-22T16:31:53","date_gmt":"2025-01-22T16:31:53","guid":{"rendered":"https:\/\/urologenteam.de\/start\/leistungsspektrum"},"modified":"2025-01-22T16:32:02","modified_gmt":"2025-01-22T16:32:02","slug":"leistungsspektrum","status":"publish","type":"page","link":"https:\/\/urologenteam.de\/start\/leistungsspektrum","title":{"rendered":"Leistungsspektrum"},"content":{"rendered":"\n  \n    <section class=\"skrollable u-clearfix u-gradient u-section-1\" id=\"sec-4ab9\">\n      <div class=\"u-clearfix u-sheet u-sheet-1\">\n        <div class=\"u-container-style u-group u-palette-1-dark-1 u-radius-20 u-shape-round u-group-1\">\n          <div class=\"u-container-layout u-container-layout-1\">\n            <h2 class=\"u-align-center u-text u-text-default u-text-1\">Leistungsspektrum<\/h2>\n            <div class=\"u-border-3 u-border-palette-3-base u-line u-line-horizontal u-line-1\"><\/div>\n            <p class=\"u-align-left u-text u-text-2\"> Wir behandeln Erkrankungen der Nieren, Harnblase, Prostata&nbsp;und der m\u00e4nnlichen Geschlechtsorgane<\/p>\n            <ul class=\"u-align-left u-text u-text-3\">\n              <li>Vorsorgeuntersuchungen<\/li>\n              <li>Therapie urologischer Krebserkrankungen<\/li>\n              <li>Nieren- oder Harnleitersteine<\/li>\n              <li>Blasenentleerungsst\u00f6rungen<\/li>\n              <li>Harninkontinenz<\/li>\n            <\/ul>\n            <ul class=\"u-align-left u-text u-text-4\">\n              <li>Blut im Urin - H\u00e4maturie<\/li>\n              <li>M\u00e4nnergesundheit<\/li>\n              <li>Kinderwunschuntersuchung d. Mannes<\/li>\n              <li>Kinderurologie<\/li>\n              <li>ambulante Operationen<\/li>\n            <\/ul>\n          <\/div>\n        <\/div>\n        <div class=\"u-container-style u-group u-palette-1-dark-1 u-radius-20 u-shape-round u-group-2\">\n          <div class=\"u-container-layout u-valign-middle u-container-layout-2\">\n            <h2 class=\"u-align-center u-text u-text-default u-text-5\">Unsere Schwerpunkte sind:<\/h2>\n            <div class=\"u-border-3 u-border-palette-3-base u-line u-line-horizontal u-line-2\"><\/div>\n            <ul class=\"u-align-left u-text u-text-6\">\n              <li>Untersuchung und konserative Behandlung aller urologischen Erkrankungen<\/li>\n              <li>Nachsorge und medikament\u00f6se Behandlung von Krebserkrankungen<\/li>\n              <li>Psychosomatische Grundversorgung<\/li>\n              <li>Ambulante Operationen <br>(diese werden in der Klosterklinik Neum\u00fcnster durchgef\u00fchrt)\n              <\/li>\n            <\/ul>\n            <p class=\"u-align-left u-text u-text-7\"> Neben den manuellen urologischen Diagnostik untersuchen wir mit Ultraschall incl.<br>TRUS (Transrektaler Ultraschall) der Prostata. Zudem f\u00fchren wir ultraschallgest\u00fctzte&nbsp;<br>Punktionen der Prostata durch. Dies dient der Absicherung bzw. dem Ausschlu\u00df&nbsp;<br>eines Krebsverdachtes.&nbsp;<br>\n              <br>Die Urinuntersuchung ist ebenfalls ein wichtiger&nbsp;Bestandteil unserer Diagnostik.&nbsp;<br>\n              <br>Weitergehende Untersuchungsmethoden sind die Blasenspiegelung und die Harnstrahlmessung.<br>\n              <br>Die Blasenspiegelungen werden von uns in der Regel mit flexiblen Cystoskopen durchgef\u00fchrt. Diese Ger\u00e4te haben einen kleinen Durchmesser. Somit ist die Belastung f\u00fcr Patienten sehr gering. Die Aufbereitung der Cystoskope erfolgt in einer speziellen Waschmaschine, \u00e4hnlich einem Geschirrsp\u00fcler. Diese Aufbereitungsart ist sehr kostenintensiv, bietet jedoch den Vorteil, dass die Ger\u00e4te in einem immer gleich bleibenden, zertifizierten Verfahren bearbeitet werden und somit Infektionen minimiert werden.\n            <\/p>\n          <\/div>\n        <\/div>\n      <\/div>\n    <\/section>\n    \n    \n    \n    \n  \n","protected":false},"excerpt":{"rendered":"<p>Leistungsspektrum Wir behandeln Erkrankungen der Nieren, Harnblase, Prostata&nbsp;und der m\u00e4nnlichen Geschlechtsorgane Vorsorgeuntersuchungen Therapie urologischer Krebserkrankungen Nieren- oder Harnleitersteine Blasenentleerungsst\u00f6rungen Harninkontinenz Blut im Urin &#8211; H\u00e4maturie M\u00e4nnergesundheit Kinderwunschuntersuchung d. Mannes Kinderurologie ambulante Operationen Unsere Schwerpunkte sind: Untersuchung und konserative Behandlung aller urologischen Erkrankungen Nachsorge und medikament\u00f6se Behandlung von Krebserkrankungen Psychosomatische Grundversorgung Ambulante Operationen (diese werden in &hellip; <a href=\"https:\/\/urologenteam.de\/start\/leistungsspektrum\" class=\"more-link\">Continue reading<span class=\"screen-reader-text\"> &#8222;Leistungsspektrum&#8220;<\/span><\/a><\/p>\n","protected":false},"author":1,"featured_media":0,"parent":0,"menu_order":7,"comment_status":"closed","ping_status":"closed","template":"","meta":{"footnotes":""},"class_list":["post-1082","page","type-page","status-publish","hentry"],"_links":{"self":[{"href":"https:\/\/urologenteam.de\/start\/wp-json\/wp\/v2\/pages\/1082","targetHints":{"allow":["GET"]}}],"collection":[{"href":"https:\/\/urologenteam.de\/start\/wp-json\/wp\/v2\/pages"}],"about":[{"href":"https:\/\/urologenteam.de\/start\/wp-json\/wp\/v2\/types\/page"}],"author":[{"embeddable":true,"href":"https:\/\/urologenteam.de\/start\/wp-json\/wp\/v2\/users\/1"}],"replies":[{"embeddable":true,"href":"https:\/\/urologenteam.de\/start\/wp-json\/wp\/v2\/comments?post=1082"}],"version-history":[{"count":1,"href":"https:\/\/urologenteam.de\/start\/wp-json\/wp\/v2\/pages\/1082\/revisions"}],"predecessor-version":[{"id":1093,"href":"https:\/\/urologenteam.de\/start\/wp-json\/wp\/v2\/pages\/1082\/revisions\/1093"}],"wp:attachment":[{"href":"https:\/\/urologenteam.de\/start\/wp-json\/wp\/v2\/media?parent=1082"}],"curies":[{"name":"wp","href":"https:\/\/api.w.org\/{rel}","templated":true}]}}