{"id":1077,"date":"2025-01-22T16:31:48","date_gmt":"2025-01-22T16:31:48","guid":{"rendered":"https:\/\/urologenteam.de\/start\/termine-sprechzeiten"},"modified":"2026-04-12T13:44:45","modified_gmt":"2026-04-12T13:44:45","slug":"termine-sprechzeiten","status":"publish","type":"page","link":"https:\/\/urologenteam.de\/start\/termine-sprechzeiten","title":{"rendered":"Termine &#8211; Sprechzeiten"},"content":{"rendered":"\n  \n    \n    <section class=\"u-clearfix u-palette-1-dark-1 u-section-2\" id=\"sec-678b\">\n      <div class=\"u-clearfix u-sheet u-sheet-1\">\n        <div class=\"data-layout-selected u-clearfix u-expanded-width u-layout-wrap u-layout-wrap-1\">\n          <div class=\"u-layout\">\n            <div class=\"u-layout-row\">\n              <div class=\"u-container-style u-layout-cell u-size-30 u-layout-cell-1\">\n                <div class=\"u-container-layout u-container-layout-1\">\n                  <p class=\"u-text u-text-body-alt-color u-text-default u-text-1\">Termine<\/p>\n                  <p class=\"u-text u-text-body-alt-color u-text-default u-text-2\">Um einen geregelten Praxisablauf, auch in Ihrem Sinne zu gew\u00e4hrleisten, bitten wir Sie um eine rechtzeitige Terminvereibarung. Notf\u00e4lle sind hiervon nat\u00fcrlich ausgenommen.<br>\n                    <br>Wie bekommen Sie einen Termin?<br>\n                    <br>Durch einen Anruf&nbsp; in unserer Praxis oder....&nbsp;&nbsp;<span class=\"u-file-icon u-icon u-text-white\"><img decoding=\"async\" src=\"https:\/\/urologenteam.de\/wp-content\/uploads\/2025\/01\/49330859.png\" alt=\"\"><\/span>\n                    <br>\n                    <br>\n                  <\/p>\n                <\/div>\n              <\/div>\n              <div class=\"u-container-style u-layout-cell u-size-30 u-layout-cell-2\">\n                <div class=\"u-container-layout u-container-layout-2\">\n                  <div class=\"u-expanded-width u-table u-table-responsive u-table-1\">\n                    <table class=\"u-table-entity\">\n                      <colgroup>\n                        <col width=\"21.1%\">\n                        <col width=\"38%\">\n                        <col width=\"40.9%\">\n                      <\/colgroup>\n                      <tbody class=\"u-table-body u-text-body-alt-color\">\n                        <tr style=\"height: 94px;\">\n                          <td class=\"u-border-1 u-border-grey-dark-1 u-table-cell u-text-body-alt-color\">Montag<\/td>\n                          <td class=\"u-border-1 u-border-grey-dark-1 u-table-cell\">7:30 - 12:00<\/td>\n                          <td class=\"u-border-1 u-border-grey-dark-1 u-table-cell\">Nachmittag<br>nach Vereinbarung \n                          <\/td>\n                        <\/tr>\n                        <tr style=\"height: 45px;\">\n                          <td class=\"u-border-1 u-border-grey-dark-1 u-table-cell\">Dienstag<\/td>\n                          <td class=\"u-border-1 u-border-grey-dark-1 u-table-cell\">7:30 - 12:00<\/td>\n                          <td class=\"u-border-1 u-border-grey-dark-1 u-table-cell\">15:30 - 17:30<\/td>\n                        <\/tr>\n                        <tr style=\"height: 45px;\">\n                          <td class=\"u-border-1 u-border-grey-dark-1 u-table-cell\">Mittwoch<\/td>\n                          <td class=\"u-border-1 u-border-grey-dark-1 u-table-cell\">\n                            <a class=\"u-active-none u-border-none u-btn u-button-link u-button-style u-hover-none u-none u-text-body-alt-color u-btn-1\" href=\"[post_5]82412347\" rel=\"nofollow\">7:30 - 12:30<\/a>\n                          <\/td>\n                          <td class=\"u-border-1 u-border-grey-dark-1 u-table-cell\"><\/td>\n                        <\/tr>\n                        <tr style=\"height: 46px;\">\n                          <td class=\"u-border-1 u-border-grey-dark-1 u-table-cell\">Donnerstag<\/td>\n                          <td class=\"u-border-1 u-border-grey-dark-1 u-table-cell\">7:30 - 12:30<\/td>\n                          <td class=\"u-border-1 u-border-grey-dark-1 u-table-cell\"><\/td>\n                        <\/tr>\n                        <tr style=\"height: 46px;\">\n                          <td class=\"u-border-1 u-border-grey-dark-1 u-table-cell\">Freitag<\/td>\n                          <td class=\"u-border-1 u-border-grey-dark-1 u-table-cell\">7:30 - 12:00<\/td>\n                          <td class=\"u-border-1 u-border-grey-dark-1 u-table-cell\"><\/td>\n                        <\/tr>\n                      <\/tbody>\n                    <\/table>\n                  <\/div>\n                <\/div>\n              <\/div>\n            <\/div>\n          <\/div>\n        <\/div>\n      <\/div>\n    <\/section>\n    <section class=\"u-clearfix u-image u-shading u-section-3\" id=\"sec-9722\" data-image-width=\"1024\" data-image-height=\"576\" style=\"background-image: linear-gradient(0deg, rgba(68, 117, 163, 0.9), rgba(68, 117, 163, 0.9)), url(&quot;https:\/\/urologenteam.de\/wp-content\/uploads\/2025\/01\/recht.png&quot;);\">\n      <div class=\"u-clearfix u-sheet u-sheet-1\">\n        <p class=\"u-text u-text-default u-text-1\">Wie bekomme ich einen Termin?<\/p>\n        <p class=\"u-text u-text-default u-text-2\">Der Gesetzgeber hat zum 1.1.23&nbsp; Reglungen zur Terminvergabe gesetzlich versicherter Patienten vorgegeben. Es gibt f\u00fcr <span style=\"font-weight: 700;\">gesetzlich versicherte Patienten mehrere M\u00f6glichkeiten<\/span> einen Termin zu erhalten.&nbsp;<br>\n          <br><span style=\"font-weight: 700;\">Privatpatienten haben nur die M\u00f6glichkeit zur direkten telefonischen Terminvereinbarung<\/span>. \n        <\/p>\n        <p class=\"u-text u-text-default u-text-3\">F\u00fcr gesetzlich versicherte Patienten gibt es neben der direkten telefonischen Terminvereinbarung zwei weitere M\u00f6glichkeiten einen Termin zu erhalten:<br>\n        <\/p>\n        <ol class=\"u-text u-text-default u-text-4\">\n          <li>durch <span style=\"font-weight: 700;\">Hausarztvermittlung:<\/span> Hierzu nimmt die Hausarztpraxis selbst Kontakt mit uns auf, schildert die Beschwerden, gibt Auskunft \u00fcber die Dringlichkeit und erh\u00e4lt f\u00fcr Sie einen Termin bei uns. Sie kommen dann mit einer \u00dcberweisung in unsere Praxis. \n          <\/li>\n          <li><span style=\"font-weight: 700;\">TSS-Vermittlungsfall:<\/span> Der Hausarzt stellt eine \u00dcberweisung aus und kennzeichnet diese mit einem speziellen Vermittlungscode. Sie Rufen bei der Terminservicestelle der Kassen\u00e4rztlichen Vereinigung (TSS), unter der Telefonnummer 0116 117 an und nennen den Vermittlungscode. Sie werden nach der Art der Beschwerden und der Dringlichkeit an einen Facharzt vermittelt. Den Termin in dieser Praxis m\u00fcssen Sie selbst inerhalb einer Woche vereinbaren (beim \u00dcberschreiten dieser Frist verf\u00e4llt Ihr Anspruch auf den Termin). Je nach Einsch\u00e4tzung der Servicestelle erhalten Sie einen Termin innerhalb von 24 Std. bis hin zu 4 Wochen. F\u00fcr Routineuntersuchungen kann diese Frist l\u00e4nger als 4 Wochen sein.&nbsp; \n          <\/li>\n        <\/ol>\n      <\/div>\n    <\/section>\n    \n    \n    \n  \n","protected":false},"excerpt":{"rendered":"<p>Termine Um einen geregelten Praxisablauf, auch in Ihrem Sinne zu gew\u00e4hrleisten, bitten wir Sie um eine rechtzeitige Terminvereibarung. Notf\u00e4lle sind hiervon nat\u00fcrlich ausgenommen. Wie bekommen Sie einen Termin? Durch einen Anruf&nbsp; in unserer Praxis oder&#8230;.&nbsp;&nbsp; Montag 7:30 &#8211; 12:00 Nachmittagnach Vereinbarung Dienstag 7:30 &#8211; 12:00 15:30 &#8211; 17:30 Mittwoch 7:30 &#8211; 12:30 Donnerstag 7:30 &#8211; &hellip; <a href=\"https:\/\/urologenteam.de\/start\/termine-sprechzeiten\" class=\"more-link\">Continue reading<span class=\"screen-reader-text\"> &#8222;Termine &#8211; Sprechzeiten&#8220;<\/span><\/a><\/p>\n","protected":false},"author":1,"featured_media":0,"parent":0,"menu_order":2,"comment_status":"closed","ping_status":"closed","template":"","meta":{"footnotes":""},"class_list":["post-1077","page","type-page","status-publish","hentry"],"_links":{"self":[{"href":"https:\/\/urologenteam.de\/start\/wp-json\/wp\/v2\/pages\/1077","targetHints":{"allow":["GET"]}}],"collection":[{"href":"https:\/\/urologenteam.de\/start\/wp-json\/wp\/v2\/pages"}],"about":[{"href":"https:\/\/urologenteam.de\/start\/wp-json\/wp\/v2\/types\/page"}],"author":[{"embeddable":true,"href":"https:\/\/urologenteam.de\/start\/wp-json\/wp\/v2\/users\/1"}],"replies":[{"embeddable":true,"href":"https:\/\/urologenteam.de\/start\/wp-json\/wp\/v2\/comments?post=1077"}],"version-history":[{"count":3,"href":"https:\/\/urologenteam.de\/start\/wp-json\/wp\/v2\/pages\/1077\/revisions"}],"predecessor-version":[{"id":1218,"href":"https:\/\/urologenteam.de\/start\/wp-json\/wp\/v2\/pages\/1077\/revisions\/1218"}],"wp:attachment":[{"href":"https:\/\/urologenteam.de\/start\/wp-json\/wp\/v2\/media?parent=1077"}],"curies":[{"name":"wp","href":"https:\/\/api.w.org\/{rel}","templated":true}]}}